2. Let u(z) = 28*z**3 - 5*z**2 - z + 1. Let y(c) = u(c) - 4*v(c). List the prime factors of y(2).
3, 73
Let g(p) = 2*p - 2. Let q be g(2). Suppose q*t + 2 = 8. List the prime factors of (2 - t)*-3 - -20.
23
Let l = 620 - 353. Let h be l/5 + 6/(-15). Suppose 6*p = p - 2*n + h, -58 = -5*p + 3*n. What are the prime factors of p?
11
Suppose -4387 = -8*v + 933. What are the prime factors of v?
5, 7, 19
Suppose 4*f - 2*n = 3*n + 17, -2*f = 2*n - 22. Let s be (60/35)/(3/21). Let b = s + f. List the prime factors of b.
2, 5
What are the prime factors of (442/4)/(-19 + (-7920)/(-416))?
13, 17
Suppose -5*v = 5, -2*v + 470 = -5*o + 2137. What are the prime factors of o?
3, 37
Let g be (-6)/8*-8*2/6. Suppose -y - 3*n + 109 = 4*y, 28 = g*y - 4*n. List the prime factors of y.
2, 5
Suppose 0 = -l + 3*r + 789, -2*l = l - 2*r - 2367. Let a = l - 525. List the prime factors of a.
2, 3, 11
Let n = -584 + 5627. What are the prime factors of n?
3, 41
Let w = -57 + 62. Suppose w*h = 8*h - 603. What are the prime factors of h?
3, 67
Let c(r) = -r**3 - 5*r**2 + 8*r - 8. Let x be c(-7). Suppose 235 = 5*m + 3*a, -2*m + x + 39 = -3*a. List the prime factors of m.
2, 11
Let k(z) = 6*z + 6. Let g = 25 - 18. List the prime factors of k(g).
2, 3
Let h(r) = r**3 - 10*r**2 + 8*r + 4. Let t be h(9). Let p(z) = -22*z**2 - 6*z + 5. Let d be p(t). What are the prime factors of 6/33 - d/11?
47
What are the prime factors of 230 - ((-7)/14 + (-44)/(-8))?
3, 5
Let p = -953 - -1656. What are the prime factors of p?
19, 37
Let g(f) = -17*f**3 - 3*f**2 + f + 2. What are the prime factors of g(-3)?
431
Let g(w) = 93*w**2 - 3*w - 1. Suppose 4 = -12*l - 8. List the prime factors of g(l).
5, 19
Let h(d) = -5*d**2 - 9. Let s(b) be the second derivative of b**4/2 + b**3/6 + 5*b**2 - 8*b. Let x(p) = -5*h(p) - 4*s(p). What are the prime factors of x(5)?
2, 5
Let k be ((-8)/(-12))/((-1)/(-33)). Suppose k - 16 = 2*f. Suppose 2*z = 3*l - 227, -2*l + 2*z + 377 = f*l. List the prime factors of l.
3, 5
Let d(f) = 14*f**2 - 76*f + 19. List the prime factors of d(10).
659
Suppose 2*r = -55 + 295. Suppose r = -8*x + 4*x. What are the prime factors of 351/15 - (-12)/x?
23
Let l be 12/6 - (-2)/1. Suppose -3*i + 2*y = -l, y - 4*y - 6 = 0. Suppose i = -2*r + 57 + 45. What are the prime factors of r?
3, 17
Suppose 3463 = 21*z - 16*z + 4*x, -3*x + 3461 = 5*z. List the prime factors of z.
691
Suppose 0*d = 16*d - 752. Let q = 186 - d. List the prime factors of q.
139
Let s(h) = -1. Let x(i) = 69*i - 13. Let y(a) = -s(a) - x(a). List the prime factors of y(-4).
2, 5, 29
Suppose 4*x - 4*g + 76 = 0, -3*x - 92 = g + 3*g. Let k = 92 - x. What are the prime factors of k?
2, 29
Suppose 3*n + 8001 = 3*k, -82*k = -85*k - n + 7989. What are the prime factors of k?
2, 3, 37
List the prime factors of (2084/(-6))/(42/(-63)).
521
Suppose -2*i + 411 = 129. Let o = -100 + i. What are the prime factors of o?
41
Let v = -30 - -30. Let y(l) = l**2 - 2*l + 31. What are the prime factors of y(v)?
31
Suppose 0*o + 193 = 4*o - 3*d, 4*d = 20. What are the prime factors of o?
2, 13
Suppose -4*v - 4 = 0, -4*h + 142 = h + 3*v. Suppose 28*c - h*c = -118. List the prime factors of c.
2, 59
Let i(x) = -555*x - 126. What are the prime factors of i(-3)?
3, 19
Let v = -18 - -35. Suppose 7 = 3*m - v. List the prime factors of m.
2
Suppose 4*m - 12 = l, l - m = 4*m - 16. Suppose -7*u - 3*s + 482 = -3*u, -l*u = s - 486. What are the prime factors of u?
2, 61
Suppose 3*s = -v + 38, s = v - 4*s - 22. Let i = 58 - v. Suppose -5*n - 5*j + i = -14, -n + 12 = 3*j. What are the prime factors of n?
2, 3
Let i(t) = 11*t**2 - 24*t + 13. What are the prime factors of i(-4)?
3, 5, 19
Let k(x) = -x**3 - x**2 + x + 11. Let s be k(0). Let n = -1 + s. Let d = -2 + n. List the prime factors of d.
2
Suppose -3*z + 4*p = -z - 316, -4*z + 4*p = -636. List the prime factors of z.
2, 5
Suppose -6*n + 8 = -2*n. Suppose n*u = -3*l - 5, 2*u - 5*l = 3*u + 13. Suppose -f + u*r = -2*r - 34, 4*f + 3*r - 117 = 0. What are the prime factors of f?
2, 3, 5
Let a(u) = 2*u**2 + 22*u + 3. Let x be a(-11). What are the prime factors of (x + -1)/((-2)/(-49))?
7
Let m(g) be the second derivative of -g**4/6 + 19*g**2/2 + 10*g. List the prime factors of m(0).
19
Let j be (40/(-12))/5 + 4/6. Suppose j = 3*m - 329 + 47. What are the prime factors of m?
2, 47
List the prime factors of ((-1614)/(-4))/((-36)/8 + 5).
3, 269
Let p(t) = -6*t**2 + 6*t - 2. Let n(q) = 3*q**2 + 1. Let u be n(1). Let h be p(u). List the prime factors of ((-16)/8)/(4/h).
37
Let o = 141 + 56. What are the prime factors of -6 + o - (-1 - -1)?
191
Suppose -50*q - 6 = -49*q. Let a(w) be the third derivative of w**5/60 + w**4/24 - 13*w**3/6 + w**2. What are the prime factors of a(q)?
17
Suppose 12*i = 10*i - 6. Let k be i/4*(-56)/21. Suppose 0 = -6*b + k*b + 64. What are the prime factors of b?
2
Let k(c) = -c**2 - 17*c - 9. Let v(a) = -a**3 - 6*a**2 + 4*a - 6. Let d be v(-7). Let b be 63/(-5) - 6/d. List the prime factors of k(b).
43
Let p be 3*(-2)/(0 + 2). Suppose 11 = -33*k + 44*k. List the prime factors of 6 + p + k*11.
2, 7
Let q(p) = -p**3 + 14*p**2 + 9*p - 16. Let w be q(13). Let u be ((-8)/(-10))/(6/w). Suppose 8*m - u = 2*m. List the prime factors of m.
2, 3
Suppose 17*u = 21667 + 5074. List the prime factors of u.
11, 13
Let p(v) = -v**3 + 12*v**2 - 8*v + 7. Let q(k) = k**2 - k + 1. Let c(o) = p(o) - 5*q(o). Let j be c(5). Suppose -j - 55 = -4*i. What are the prime factors of i?
23
Let u(h) = -2*h - 2. Let x be u(-2). Let c(r) = -x - r**2 + r**3 + 7 + 3. List the prime factors of c(0).
2
Let f(u) = u**3 + 3*u**2 - 4. Let m be f(-2). Suppose m = 6*l + l - 168. What are the prime factors of l?
2, 3
Let r(b) = -2*b**3 - 17*b**2 - 33*b - 8. List the prime factors of r(-6).
2, 5
Suppose -5*g - 1613 = -4*u, g + 3*g = -4*u + 1640. What are the prime factors of u?
11, 37
Suppose 25*j - 317 = 2533. List the prime factors of j.
2, 3, 19
Let s be ((-194)/(-3))/((-1)/((-21)/14)). What are the prime factors of s/1*16/(-72)*-9?
2, 97
Suppose 0*c = c + 4. Let d = c - -70. List the prime factors of d.
2, 3, 11
Let s(o) = o**3 - 4*o**2 + 4*o - 3. Let w be s(5). Let k be w/4*4/3. What are the prime factors of (-10)/35 + 130/k?
3
Let q = 6 - 4. Suppose 8*n = 3*n + 20. Suppose q*d + n = 4*d. What are the prime factors of d?
2
Let n = 1408 + -70. List the prime factors of n.
2, 3, 223
Suppose 2*z + 12 + 7 = 3*m, 6 = -3*m - 3*z. Suppose 2*b + 35 = 2*d - m*b, 4*d - 2*b - 62 = 0. What are the prime factors of (12/14)/(d/70)?
2
Let n(g) = -4*g + g - g + 6*g - 14. Let s be n(12). What are the prime factors of (s/15)/(2/12)?
2
Let a be (24/(-20))/(129/45 - 3). Suppose -9*j + 3438 = a*j. What are the prime factors of j?
191
Suppose 2*l - 22 = 6. Suppose -7*q - 29 = -15. Let v = l + q. What are the prime factors of v?
2, 3
Let a(y) = -y - 5. Let o be a(-5). Suppose 4*k = -0*k + 416. Suppose 2*x = -o*x + k. List the prime factors of x.
2, 13
Let v = 1011 - 655. List the prime factors of v.
2, 89
Suppose -16 = 2*x - 3*x. Let f be 26/((x/(-20))/2). What are the prime factors of (f/(-20))/((-1)/(-4))?
13
Suppose -5*v + 2*n - 7*n - 45 = 0, v + 2*n + 10 = 0. Let o(a) = a**2 + 3*a + 2. What are the prime factors of o(v)?
2, 3, 7
Let h = 1550 + -1055. What are the prime factors of h?
3, 5, 11
Let w be (-2)/(-9) + (-1994)/(-18). List the prime factors of (1 - w/(-3)) + 3.
41
Suppose -192*k + 194*k - 2358 = 0. What are the prime factors of k?
3, 131
Suppose 17 - 5 = -2*x - 4*p, 4*x - 3*p - 9 = 0. Suppose x*k = 4*k - q - 33, -5*q - 4 = 3*k. List the prime factors of k.
7
Let v(m) = -4*m - 5. Let r be v(-2). Let h(g) = 3*g**3 + 3*g**2 - 5*g - 3. What are the prime factors of h(r)?
2, 3, 5
Let d = 219 + -97. Suppose 0*k = -5*k + 5. List the prime factors of 1/2*d/k.
61
Let t(m) = -m**3 + 7*m**2 - 4*m + 7. Let q be t(5). Let k = -1 + q. What are the prime factors of (-1 + -4)*k/(-10)?
2, 3
Let c(z) = -z**3 - 6*z**2 - 5*z + 5. Let o be c(-5). Let t be (43/o)/(5/25). Suppose 0*g - 5*p = -2*g + t, p + 113 = 4*g. List the prime factors of g.
29
Let b(h) = h**2 - 2*h - 7. Let d be b(-6). Let q = d - 28. List the prime factors of q.
13
Suppose -3*w + 811 = 5*l, -2*l + 9*w = 4*w - 312. Let p = l - 1. List the prime factors of p.
2, 5
Let g(k) = 2*k**2 +